14
What is the remainder when 37 is divided by 145/11 + 3/(-66)*4?
11
Let r = -60 + 84. What is the remainder when r is divided by (-4)/(-8)*-4 + 15/((-120)/(-128))?
10
Suppose 82 + 1038 = 5*l. Suppose 3*u = 5*u + 4*f - 102, -4*u = 3*f - l. Calculate the remainder when u is divided by 12.
11
Suppose -15 = -3*i, 0 = -4*a + 5*i - 4*i - 1. Calculate the remainder when (-2 + a)/((-4)/(1*172)) is divided by 5.
3
Let x = 73 - 71. Suppose 0 = -x*l - l + 81. Calculate the remainder when l is divided by 8.
3
Let d = -41 - -41. Suppose -5*k + 30 + d = 0. Calculate the remainder when 21 is divided by k.
3
Suppose 13*g - 3*g + 150 = 0. Let y(b) = -b**2 - 17*b - 18. Calculate the remainder when y(g) is divided by (1/2)/(1/16).
4
Let w = -1283 - -1290. What is the remainder when 474 is divided by w?
5
Let r(i) = -3 + 0 - 7 + 7*i + 2*i**2 + 4. What is the remainder when r(-7) is divided by 16?
11
Suppose 0 = 4*b - 5*k - 3, -b - 5*k + 7 = 0. Suppose b*p = 5*l - 6, -5*p + 48 - 9 = l. Suppose 3*q - 35 = -5. What is the remainder when q is divided by p?
3
Let h = 49 - 20. Let d(z) = -z**2 - 8*z - 7. Let g = 28 - 33. Calculate the remainder when h is divided by d(g).
5
Let o = 19 - -1. Suppose 0 = 10*t - 53 - 77. Calculate the remainder when o is divided by t.
7
Let j = -23 + 37. Let t be 8/(224/60) - (-1)/(-7). What is the remainder when (-4)/16*t*-52 is divided by j?
12
Suppose -63*q + 45*q = -6516. Calculate the remainder when q is divided by 14.
12
Let v = 55 - -42. What is the remainder when v is divided by 20?
17
Let y be 80 - (1 + -3 + -1). Let p = -61 + y. Calculate the remainder when 78 is divided by p.
12
Let y be (40 + (-4)/4)*1. Suppose 0 = 5*l - 4*i - y, -4*i - 1 = 3. What is the remainder when 9 is divided by l?
2
Calculate the remainder when 2/8 - (-25375)/116 is divided by 58.
45
Let x(y) = y**2 + 4*y - 6. Let u be x(-4). Let d(l) = -l**2 - 8*l + 4. What is the remainder when 53 is divided by d(u)?
5
Let z(p) = -29 + 6*p + 8*p + 2*p**2 - 3*p**2. Calculate the remainder when 70 is divided by z(8).
13
Suppose 3*z = -12, 3*h + 2*z = z + 71. Calculate the remainder when 43 is divided by h.
18
Let v be (-1 - (-1 - 1))/(-1). Let q(x) = 9*x**2 + x. Let k be q(v). Calculate the remainder when 29 is divided by k + 3*(-8)/(-12).
9
Let t(v) = 11*v**3 - 2*v**2 + v. What is the remainder when (-27)/(-72)*4*102/9 is divided by t(1)?
7
Let i be 5*(2 - 1 - 0). Suppose w + t = i*t - 5, 4*w - t - 25 = 0. Let z(q) = -q**2 + 84. Calculate the remainder when w is divided by z(-9).
1
Suppose 0 = 39*c - 12*c - 135. Calculate the remainder when 19 is divided by c.
4
What is the remainder when -1*(0 - -3) - (-14288)/152 is divided by 31?
29
Let v = 2230 + -2169. What is the remainder when 164 is divided by v?
42
Suppose -12*f + 36 + 912 = 0. Calculate the remainder when 1024 is divided by f.
76
Let t(b) = b**2 - 8*b - 1. Let j be t(7). Let a = -9 - j. What is the remainder when 23 is divided by (72/30)/(a/(-5))?
11
Let c(t) = t**3 - 9*t**2 + 13*t - 13. Suppose 2*f + 65 - 11 = -3*d, 0 = d - f + 13. What is the remainder when ((-158)/8)/(4/d) is divided by c(8)?
25
Let f(i) = -9*i + 278. What is the remainder when f(0) is divided by 35?
33
Calculate the remainder when 28/((-448)/6) + (-8950)/(-16) is divided by 20.
19
Let p = 56 + -36. Calculate the remainder when 195 is divided by p.
15
Let b(l) = 2*l**2 + 2*l - 6. Suppose 4*p = -0*p + 16. What is the remainder when b(p) is divided by (18/8)/(42/224)?
10
Let o = -535 - -583. What is the remainder when 56 is divided by o?
8
Suppose 0 = b + 2*o - 3 + 7, -5*o = 5*b - 5. Suppose h + 105 = b*h. What is the remainder when 41 is divided by h?
20
Let n = 9 + 13. Suppose u = 4*u - 12. Suppose -h = u*h - 60. What is the remainder when n is divided by h?
10
Let w = 12 - 7. Suppose b - w*b + 376 = 0. What is the remainder when b is divided by 19?
18
Let v = -234 + 243. Calculate the remainder when 48 is divided by v.
3
Suppose -5*t = 4*w - 100, 2*w - 7*t + 4*t - 28 = 0. Suppose x + 3*d - 44 = 0, x + 4*x + 5*d - 200 = 0. Calculate the remainder when x is divided by w.
18
Let i = 50 + 11. Let s = 68 - i. What is the remainder when s is divided by 5?
2
Let v = -95 - -97. Suppose v*f + t - 57 = 208, 2*t = f - 125. What is the remainder when f is divided by 33?
32
Suppose -23 = -5*v + 172. Let w(z) = -22*z - v*z - 1 + 80*z + 90*z. What is the remainder when w(1) is divided by 37?
34
Suppose -t + 3 = -3*p - 3, 3*t - 18 = p. Let z = t + 8. Calculate the remainder when 38 is divided by z.
10
Calculate the remainder when 151 is divided by (5 + 73)*(-3 - (-40)/12).
21
Suppose 3*f = 4*f - 11. Let v be 78/10 - (-1)/5. Let s = v + f. Calculate the remainder when s is divided by 5.
4
Let f be (3 + 7/(-2))*92. Let g = -25 - f. Suppose 62 = 4*p + 2*h, 3*p = 4*h + 9 + g. Calculate the remainder when p is divided by 5.
4
What is the remainder when ((-1)/8)/(20/(-80))*274 is divided by 70?
67
Suppose 5*q + 5*y - 410 = -0*y, 66 = q + 5*y. Suppose 5 = -4*d + 3*d. Let g(x) = 2*x**2 + 5*x - 3. Calculate the remainder when q is divided by g(d).
20
Let n(k) = 20*k - 4. Calculate the remainder when 57 is divided by n(1).
9
Calculate the remainder when 8/36 + (-1717)/(-9) is divided by (-1520)/(-100) - (-8)/(-40).
11
Let q(a) = -9*a**2 - 85*a - 57. What is the remainder when 2584 is divided by q(-8)?
46
Suppose 4*q + 618 = 3*u, 0 = 17*u - 20*u - q + 618. What is the remainder when u is divided by 66?
8
Let a(c) = c**3 - c**2 + 2*c - 4. Let y = 10 - 7. What is the remainder when a(2) is divided by y?
1
Let m be (-7)/(-2) + 2/(-4) + 26. Suppose -19 = r - 6*r + 2*w, -5*w + 5 = -2*r. Suppose 11 = r*l - m. What is the remainder when 15 is divided by l?
7
Let y be 3/(-1) + (3 - -3). Let w(t) = t**3 + t**2 + 1. Calculate the remainder when (6 + -3)/y*37 is divided by w(2).
11
Suppose -11*o + 10*o + 136 = -v, 2*o - v - 268 = 0. What is the remainder when o is divided by 36?
24
Suppose 0 = 152*y - 139*y - 5265. What is the remainder when y is divided by 24?
21
Suppose 5*s + 21*f - 1098 = 25*f, -f - 885 = -4*s. Calculate the remainder when s is divided by 32.
30
Suppose 33*v - 583 = -30*v + 10*v. Let o(i) = -28*i - 2. Calculate the remainder when o(-2) is divided by v.
10
Calculate the remainder when 277 is divided by ((-1)/((-5)/(-19)))/((-1)/15).
49
Let t = -400 - -453. What is the remainder when t is divided by 15?
8
Suppose 4*s - 76 = 40. Suppose -2*q = x - 10, -3*q + 0*q + 2*x = -s. Let y = 3 + q. What is the remainder when 28 is divided by y?
8
What is the remainder when 87 - 4 - (-12 + 7) is divided by 13?
10
Let i = -181 + 194. What is the remainder when ((-7 + 4)*-1)/((-6)/(-230)) is divided by i?
11
Let q(u) = 4*u**2 - 71*u + 706. What is the remainder when q(12) is divided by 29?
24
Let l be -2*(4 - (-4 + 10)). Suppose 3*a - 23 = -2*h, h - 16 = -3*h + l*a. What is the remainder when 25 is divided by h?
4
Let t = 412 - 277. Let l(p) = 34*p**3 + p - 1. What is the remainder when t is divided by l(1)?
33
Let w = 12 - -125. Calculate the remainder when w is divided by 23.
22
Let r(l) = l**2 - 18*l - 54. Let p(v) = -8*v - 27. Let k be p(-6). What is the remainder when r(k) is divided by 3?
0
Let a = -7 + -6. What is the remainder when 27 is divided by (a + 17)*(-5)/(-2)?
7
Suppose -2*x + 840 = -1756. Suppose 0 = 4*g + 7*g - x. What is the remainder when g is divided by 30?
28
Let t(b) = -b**3 + 9*b**2 - 5*b - 9. Suppose -5*q = 3*l - 28, -l = -2*q + 25 - 5. Calculate the remainder when 56 is divided by t(q).
11
Let d(r) = 9*r**2 + 9*r - 31. Let i(q) = 5*q**2 + 4*q - 16. Let j(z) = -6*d(z) + 11*i(z). Let x = 33 + -22. What is the remainder when j(x) is divided by 8?
5
Let b(m) = 6*m**2 + 6*m + 2. Let z(s) = -248*s - 3952. What is the remainder when b(-4) is divided by z(-16)?
10
Suppose 0 = 3*v - 4*v - b + 22, 2*v - 5*b - 23 = 0. What is the remainder when 30 is divided by v?
11
Let b(g) = -g**3 - 2*g**2 + 2. Let z = 45 + -28. Let t = 18 - z. Calculate the remainder when b(-2) is divided by t.
0
Suppose -29 = 6*m - 191. Calculate the remainder when m is divided by 16.
11
Suppose -u + 113 - 7 = 0. Suppose 0 = 3*v + 25 - u. Suppose 3*b + 10 = 4*b. Calculate the remainder when v is divided by b.
7
What is the remainder when 81 is divided by (-30 + (9 - 12))*(-4)/6?